6
Calculate the remainder when 21546 is divided by 13.
5
Calculate the remainder when 1077 is divided by 367.
343
What is the remainder when 1436 is divided by 1380?
56
Calculate the remainder when 106755 is divided by 1008.
915
What is the remainder when 612610 is divided by 748?
746
What is the remainder when 8669 is divided by 52?
37
Calculate the remainder when 3949 is divided by 980.
29
What is the remainder when 1340 is divided by 275?
240
What is the remainder when 44835 is divided by 316?
279
What is the remainder when 8464 is divided by 353?
345
Calculate the remainder when 264689 is divided by 538.
531
What is the remainder when 9318 is divided by 49?
8
What is the remainder when 168231 is divided by 1045?
1031
Calculate the remainder when 488 is divided by 440.
48
Calculate the remainder when 127468 is divided by 293.
13
Calculate the remainder when 31047 is divided by 13.
3
Calculate the remainder when 47711 is divided by 434.
405
What is the remainder when 2309 is divided by 1142?
25
Calculate the remainder when 67823 is divided by 249.
95
What is the remainder when 19641 is divided by 19545?
96
What is the remainder when 9886 is divided by 399?
310
Calculate the remainder when 1939 is divided by 225.
139
Calculate the remainder when 2098 is divided by 176.
162
Calculate the remainder when 14984 is divided by 2490.
44
Calculate the remainder when 1758 is divided by 720.
318
Calculate the remainder when 23082 is divided by 37.
31
Calculate the remainder when 202393 is divided by 40478.
3
Calculate the remainder when 6188 is divided by 1985.
233
What is the remainder when 19204 is divided by 3837?
19
Calculate the remainder when 4246 is divided by 605.
11
Calculate the remainder when 45996 is divided by 45991.
5
Calculate the remainder when 11273 is divided by 5615.
43
What is the remainder when 292134 is divided by 689?
687
Calculate the remainder when 2304 is divided by 567.
36
Calculate the remainder when 1789 is divided by 82.
67
Calculate the remainder when 124713 is divided by 41553.
54
What is the remainder when 14790 is divided by 260?
230
What is the remainder when 152283 is divided by 194?
187
What is the remainder when 1306 is divided by 456?
394
What is the remainder when 642670 is divided by 249?
1
What is the remainder when 157 is divided by 90?
67
What is the remainder when 31077 is divided by 123?
81
Calculate the remainder when 284924 is divided by 21.
17
Calculate the remainder when 33159 is divided by 2983.
346
What is the remainder when 11352 is divided by 2147?
617
Calculate the remainder when 2533 is divided by 97.
11
Calculate the remainder when 37592 is divided by 427.
16
What is the remainder when 11181 is divided by 48?
45
Calculate the remainder when 9149 is divided by 538.
3
What is the remainder when 4468 is divided by 4415?
53
What is the remainder when 522314 is divided by 135?
134
Calculate the remainder when 7781 is divided by 34.
29
What is the remainder when 20921 is divided by 161?
152
What is the remainder when 15796 is divided by 1535?
446
What is the remainder when 516 is divided by 155?
51
Calculate the remainder when 1829 is divided by 526.
251
What is the remainder when 76665 is divided by 67?
17
Calculate the remainder when 13048 is divided by 3256.
24
What is the remainder when 143084 is divided by 35766?
20
Calculate the remainder when 43015 is divided by 198.
49
What is the remainder when 21723 is divided by 23?
11
Calculate the remainder when 3012 is divided by 3008.
4
What is the remainder when 4586 is divided by 2287?
12
Calculate the remainder when 6439 is divided by 262.
151
Calculate the remainder when 46741 is divided by 199.
175
What is the remainder when 320955 is divided by 544?
539
Calculate the remainder when 32782 is divided by 36.
22
What is the remainder when 460015 is divided by 711?
709
What is the remainder when 494 is divided by 43?
21
What is the remainder when 4296 is divided by 549?
453
Calculate the remainder when 3381 is divided by 28.
21
Calculate the remainder when 17080 is divided by 219.
217
What is the remainder when 17806 is divided by 574?
12
Calculate the remainder when 2953 is divided by 722.
65
Calculate the remainder when 1614 is divided by 100.
14
Calculate the remainder when 5949 is divided by 2963.
23
What is the remainder when 2694 is divided by 91?
55
Calculate the remainder when 9429 is divided by 230.
229
Calculate the remainder when 143949 is divided by 97.
1
What is the remainder when 9638 is divided by 128?
38
What is the remainder when 314 is divided by 50?
14
Calculate the remainder when 4636444 is divided by 1011.
1009
What is the remainder when 159661 is divided by 8?
5
What is the remainder when 188432 is divided by 265?
17
Calculate the remainder when 2285 is divided by 130.
75
Calculate the remainder when 2954 is divided by 731.
30
Calculate the remainder when 141727 is divided by 10892.
131
Calculate the remainder when 294848 is divided by 25.
23
Calculate the remainder when 4126 is divided by 1357.
55
What is the remainder when 3959 is divided by 539?
186
Calculate the remainder when 1427 is divided by 487.
453
What is the remainder when 370936 is divided by 1114?
1088
What is the remainder when 32826 is divided by 27?
21
What is the remainder when 8040 is divided by 890?
30
Calculate the remainder when 172800 is divided by 91.
82
What is the remainder when 353061 is divided by 60?
21
What is the remainder when 123427 is divided by 4571?
10
What is the remainder when 14801 is divided by 22?
17
What is the remainder when 450843 is divided by 18?
15
Calculate the remainder when 464383 is divided by 689.
686
What is the remainder when 7112 is divided by 70?
42
Calculate the remainder when 15058 is divided by 75.
58
Calculate the remainder when 8209 is divided by 546.
19
Calculate the remainder when 95980 is divided by 1604.
1344
Calculate the remainder when 3989 is divided by 142.
13
Calculate the remainder when 3089 is divided by 174.
131
Calculate the remainder when 9133 is divided by 1058.
669
Calculate the remainder when 1492520 is divided by 4482.
14
What is the remainder when 48194 is divided by 51?
50
What is the remainder when 9629 is divided by 647?
571
Calculate the remainder when 333 is divided by 56.
53
What is the remainder when 85921 is divided by 8?
1
Calculate the remainder when 325 is divided by 47.
43
What is the remainder when 145960 is divided by 9121?
24
Calculate the remainder when 3767 is divided by 146.
117
What is the remainder when 1457199 is divided by 497?
492
What is the remainder when 18295 is divided by 15?
10
What is the remainder when 387836 is divided by 30?
26
Calculate the remainder when 81047 is divided by 1621.
1618
Calculate the remainder when 14196 is divided by 699.
216
Calculate the remainder when 2957329 is divided by 47.
42
What is the remainder when 3681 is divided by 54?
9
What is the remainder when 1228 is divided by 238?
38
Calculate the remainder when 43811 is divided by 10.
1
What is the remainder when 121617 is divided by 48?
33
Calculate the remainder when 12879 is divided by 119.
27
Calculate the remainder when 2209 is divided by 374.
339
Calculate the remainder when 78680 is divided by 1175.
1130
Calculate the remainder when 5050 is divided by 108.
82
What is the remainder when 419224 is divided by 643?
631
What is the remainder when 2799 is divided by 39?
30
Calculate the remainder when 140396 is divided by 325.
321
What is the remainder when 67732 is divided by 142?
140
What is the remainder when 309070 is divided by 38633?
6
Calculate the remainder when 3573 is divided by 1786.
1
Calculate the remainder when 6865 is divided by 1716.
1
What is the remainder when 10196 is divided by 5097?
2
Calculate the remainder when 1519 is divided by 62.
31
Calculate the remainder when 20123 is divided by 50.
23
Calculate the remainder when 717312 is divided by 94.
92
Calculate the remainder when 6066 is divided by 1508.
34
Calculate the remainder when 549502 is divided by 162.
160
What is the remainder when 31567 is divided by 93?
40
Calculate the remainder when 1725 is divided by 785.
155
What is the remainder when 6523 is divided by 55?
33
What is the remainder when 1765 is divided by 163